 a - 42 = 0. What is the units digit of (5 - 4533/a) + w/7?
1
Suppose -444*o - 9705 = -470*o + 215429. What is the thousands digit of o?
8
Suppose 4*a = 3*p - 19, 2*p - 5*a - 14 = -p. Let r = p - -1. What is the tens digit of r?
1
Suppose -76*g = 408443 - 1754099. What is the tens digit of g?
0
Suppose 6*y - 19 - 5 = 0. Suppose -201 = -y*f + 55. Let d = f + -38. What is the units digit of d?
6
Suppose 2*y = y + 3*x + 5750, 0 = 2*y + 3*x - 11527. Suppose -13*j + 7202 = -y. What is the units digit of j?
7
Suppose 3*b = -6, 321*h - 320*h + 5*b = 20354. What is the thousands digit of h?
0
Let z = 3673 - -1201. What is the hundreds digit of z?
8
Let b be 2/((-2 - (-51)/24)/2718). What is the tens digit of 7/(294/b) - 20/(-35)?
3
Suppose -7*n + 47 + 65 = 0. Suppose 4*w + 1010 = 3*v + 8*w, 4*w + n = 0. What is the tens digit of v?
4
Suppose 4*p = d - p - 62, -2*d + 4*p + 94 = 0. Suppose -39*u + d*u + 700 = 0. What is the hundreds digit of u?
3
Suppose -2*k + d = -10950, -k + 2*d + 5475 = 4*d. What is the units digit of k?
5
Suppose -6*v + 24 = -0*v. Suppose -v*q + 9 = -q. Suppose q*d - 64 = -22. What is the units digit of d?
4
Let n(r) = -6*r**3 + 4*r**2 - 18*r + 6. Let j(l) = -11*l**3 + 9*l**2 - 37*l + 10. Let c(t) = -4*j(t) + 7*n(t). What is the tens digit of c(5)?
6
Suppose 187372 = -42*h + 304054 + 230280. What is the units digit of h?
1
Let i = 210 - 136. Suppose 11*o = 24 - 486. Let r = i + o. What is the units digit of r?
2
Let s(n) = -n**3 + 63*n**2 - 6*n - 197. What is the thousands digit of s(47)?
4
Let s(f) = 11*f**2 + 7*f + 26. Let x be (9/1)/(48/(-32)). What is the tens digit of s(x)?
8
Let f = 195 + -144. What is the tens digit of (f/(-21))/(7/(-49))?
1
Let g be (95/4)/(((-6)/(-8))/3). Let k = 95 - g. Suppose k = 19*c - 15*c - 684. What is the units digit of c?
1
Suppose -4*s - 12 = 0, -2*q + 5*s - 2646 = -55359. What is the ten thousands digit of q?
2
Let n(k) = -k - 13. Let l be n(-9). Let m be 2 + l - (-4 + 0). Suppose -4*d + 66 = m*t - 6*d, 0 = 2*t - 5*d - 57. What is the units digit of t?
6
Let t = -9117 + 9640. What is the units digit of t?
3
What is the thousands digit of 24/(-312) - 822018/(-26)?
1
Suppose 0 = -5*d + c + 43673, 0 = 3*d + 151*c - 147*c - 26190. What is the hundreds digit of d?
7
Let q(j) = j**2 - 19*j + 27. Let d be q(18). Suppose -17*f + d = -16*f. Suppose 0 = -3*l - f, 2*p - p + 5*l = 19. What is the tens digit of p?
3
Let q(n) = -37*n - 109. Let d be q(-4). Suppose d*i = -18157 + 50722. What is the hundreds digit of i?
8
Let z be ((-60)/(-105))/(2/7). Suppose z*g - 2*y = 194, -2*g + 306 = 5*y + 84. Suppose 5*l + g = w, 399 - 43 = 4*w - 4*l. What is the tens digit of w?
8
Let h = -17 + -8. Let t = -3516 + 3456. What is the units digit of (t/h)/(-6)*-235?
4
Suppose -7*v = -12*v + 9*v. Suppose 2*h - 10*h + 2224 = v. What is the tens digit of h?
7
Let f(o) = -o**3 - 4*o**2 - 5*o - 5. Suppose -8 = -9*w + 13*w. Let g be f(w). Let i(b) = 4*b**2 - 10. What is the tens digit of i(g)?
2
Let a(c) = 303*c + 42. What is the hundreds digit of a(16)?
8
Suppose 0 = -81*g + 76*g + 4*v + 297637, -2*g - 4*v + 119066 = 0. What is the tens digit of g?
2
Suppose 9*z - 10*z = 5*c - 7345, -2*z + 14654 = -2*c. Suppose 37*s - z = 27*s. What is the hundreds digit of s?
7
Let t(v) = 1526*v + 5298. What is the hundreds digit of t(58)?
8
Let s(o) = 30*o**3 - 9*o**2 - 4*o - 4385. Let d(a) = -7*a**3 + 2*a**2 + a + 1096. Let x(m) = 9*d(m) + 2*s(m). What is the tens digit of x(0)?
9
What is the thousands digit of (-12784)/(-3)*((-561)/34 + 18)?
6
Let o = -275 - -348. Suppose -o*y - 6834 = -79*y. What is the hundreds digit of y?
1
Let o(b) = -3*b - 53. Let a be o(-14). Suppose -4*g + 6*g = -80. What is the units digit of -2 - a/((-22)/g)?
8
Let o = -21 - -18. Let n(f) = -19*f**3 + 6*f**2 + 2*f + 5. Let c(q) = q**3 - q**2 - q - 1. Let r(l) = o*c(l) - n(l). What is the tens digit of r(2)?
1
Suppose -12*q + 13515 + 31569 = 0. What is the units digit of q?
7
What is the units digit of (-75)/135 + (-1990748)/(-36)?
8
What is the tens digit of (-64460)/(-18) - (28 - 30)/(-22 - -4)?
8
Let d(a) = -220*a**3 + 7*a**2 + 4*a + 9. Let y(w) = 220*w**3 - 6*w**2 - 4*w - 8. Let n(f) = -5*d(f) - 6*y(f). What is the units digit of n(-1)?
0
Let a(w) = -4*w**2 + 9*w + 29. Let c be a(9). Let n = c - -1168. What is the tens digit of n?
5
Suppose -228380 = -117*z + 972508. What is the ten thousands digit of z?
1
Let u(f) be the third derivative of 11*f**4/12 + 25*f**3/6 - f**2. Let h be u(3). Let c = 325 - h. What is the hundreds digit of c?
2
Let k be (-7 - -15) + 0/(-1). Suppose 5*s + 2*q - 413 = 0, 0 = -2*q + k - 0. Suppose 3*c - s = -2*w - w, -3*c = -5*w + 143. What is the tens digit of w?
2
Suppose 45 = t + 8*t. Suppose 0 = -3*d + x - 118, 3*x - 5*x = -t*d - 196. Let o = -39 - d. What is the units digit of o?
1
Let k be -6*1/4*(-8112)/9. Suppose -k = -11*n + 925. Suppose -3*y + 430 = 2*f, 0 = -3*y + f + 235 + n. What is the hundreds digit of y?
1
Suppose 4*l = 2*y + 102, 4*l - 8*l - 5*y = -109. Let d = l - 18. Suppose -d = p - 23. What is the units digit of p?
5
Let z(a) = 28*a**2 - 125*a - 804. What is the tens digit of z(-32)?
6
Suppose -988957 - 2904465 = -327*c - 819295. What is the hundreds digit of c?
4
Suppose 5*p = 4*r - 43729, -60*p - 21881 = -2*r - 63*p. What is the units digit of r?
6
Let y = -7407 - -10569. What is the hundreds digit of y?
1
Suppose 43380 = -177*m + 183*m. What is the hundreds digit of m?
2
Suppose -2*k + 12 = 6*m - 3*m, 5*m = 4*k - 46. Suppose 12*c - 12 = k*c. Suppose c*j = 4*t + 164, -5*j + j = -t - 167. What is the tens digit of j?
4
Suppose 1091 + 625 = o. Suppose 20*g + o = 8*g. What is the units digit of 4/22 - 10556/g?
4
Let n be ((-1842)/9 + 6)/((-2)/12). Suppose -n*k = -1193*k + 850. What is the units digit of k?
0
Suppose 4*l - 3*z - 25 = 0, 0*l - 2*l = 3*z - 35. Suppose 0 = l*x - 6*x - 888. What is the tens digit of x?
2
Let w(d) = 2*d**3 - 11*d**2 + 6*d. Let z be w(5). Let u(c) = -2*c**2 + 10*c + 1. Let p be u(z). What is the tens digit of (0 - p)/(6 + (-1094)/182)?
9
Suppose 14*h = 15*h - 199. Let l = h - -16. What is the units digit of l?
5
Let z(w) = 432*w**2 - 10 + 432*w**2 - 862*w**2 - 39*w. What is the hundreds digit of z(28)?
4
Let y = 368 + -368. Suppose 3*q = 2*h - y*q - 1219, 0 = -5*h - q + 3073. What is the tens digit of h?
1
Let d = 31 + -28. Suppose -2*t - 7155 = 5*h - d*t, 3*h - 4*t + 4310 = 0. What is the units digit of (5/(-10))/(5/h)?
3
Suppose -18*v - 53851 + 217107 + 91228 = 0. What is the tens digit of v?
3
Let u(n) = -2*n + 31. Let w(d) = -d**2 + 19*d - 9. Let f be w(18). What is the tens digit of u(f)?
1
Let k(z) = z**3 - 23*z**2 - z - 10. Let s be k(23). What is the units digit of s/(-55) + 2646/15?
7
What is the units digit of 5 + 36*6010/40?
4
Suppose -t + 5*t = -4*u + 28, 2*u = 4*t + 2. Let j(d) = d**2 - 5*d - 1. Let q be j(u). What is the units digit of (q/(-2))/(3 + (-355)/120)?
2
Let o(w) = -w**3 + 95*w**2 - 107*w + 1092. What is the units digit of o(82)?
0
Let l(h) = -h**3 + 14*h**2 + 564. What is the units digit of l(16)?
2
Let w be ((-8)/3)/((-8635)/(-1725) - 5). Let a = -140 - w. What is the units digit of a?
0
Let r(x) = -4*x**2 + 10*x - 2. Let o be r(2). Let a = -3 - -5. Suppose o*y + 3*t = -2*t + a, -49 = -3*y + 4*t. What is the tens digit of y?
1
Let n(c) be the second derivative of -53*c**3/6 + 3*c**2/2 - 3*c. Suppose 5*z - 3*m = -5*m + 3, -6 = 2*z - m. What is the tens digit of n(z)?
5
Suppose -11*s = 1542 - 16931. What is the thousands digit of s?
1
Let x(u) = -16 - 32 - 5 - 19*u - 37. What is the tens digit of x(-25)?
8
Suppose 18424 = 14*o - 28*o. Let z = -929 - o. What is the hundreds digit of z?
3
Suppose p + p - 2*h = -130, -262 = 4*p - 3*h. Let w = p - -87. Let m = w - -3. What is the tens digit of m?
2
Suppose 7*c - 10*c + 132678 = 0. Suppose -11*a = 34490 + c. What is the hundreds digit of a/(-28) + (-4)/7?
2
Let b(u) = 31*u - 26. Let n be b(10). Let j be n - (-7)/((-28)/16). Let t = j - 100. What is the hundreds digit of t?
1
Let x(u) be the second derivative of -u**5/20 + 2*u**4/3 - u**3/3 - 3*u**2 - 91*u - 2. Suppose 3*d - 20 = -d. What is the tens digit of x(d)?
5
Let m = -382 + 385. Suppose m*j + 2*x = 3018, -5*j + 8*j - 3027 = -5*x. What is the tens digit of j?
0
S